pose -12*h + l*h - 6 = 0. List the prime factors of i(h).
5, 7
Let k(y) = 2*y**2 + 8*y + 6. Let z be k(-4). Let h be ((-4)/z)/(6/9). List the prime factors of (-61)/(3 - 4) + h.
2, 3, 5
List the prime factors of 324 + -6 + 3 + 1.
2, 7, 23
Let v(d) = -5*d**3 - 5*d**2 - d + 3. List the prime factors of v(-3).
2, 3
Let y(s) = 810*s**2 - 15*s - 1. What are the prime factors of y(1)?
2, 397
Let d = 121 + -98. List the prime factors of 6/(2/d - (19 + -19)).
3, 23
Suppose 4*u - z = 13445, -3*u + 10095 = 11*z - 8*z. List the prime factors of u.
2, 41
Let y = -263 + 1018. List the prime factors of y.
5, 151
Suppose 5*y - 16 = -4*i, -16 = -4*i - 0*i - 2*y. Let m(u) = 1 + 3*u + 5 + 0 - 2. What are the prime factors of m(i)?
2
Let f(v) = -41*v - 60. Suppose 5*w - 34 + 79 = 0. List the prime factors of f(w).
3, 103
Let w(a) = -13*a - 6. Let k(m) = -m**3 - 3*m**2 + 9*m - 3. Let x be k(-5). Suppose 7*l + 15 = x*l. What are the prime factors of w(l)?
3, 11
Suppose r = -129 + 1070. What are the prime factors of r?
941
What are the prime factors of (1 - 14/6)/(3/(-864))?
2, 3
Let a(n) = -4*n + 5 + 4 + 3. Let t be (-7 + 1)*(15 + (17 - 31)). What are the prime factors of a(t)?
2, 3
Let s(r) = -r**3 + 2*r - 1. Let k be s(1). List the prime factors of (1 - k)/((-11)/(-231)).
3, 7
List the prime factors of (-4564)/6*339/(-226).
7, 163
Let j(f) = -f + 3. Let v be j(0). Suppose -p - 1 = -3*k + v, -k = 2*p - 6. Suppose p*d - 8 = 0, -i = -6*i + d + 156. List the prime factors of i.
2
Suppose -3 = 4*i - 5*i, 2*i = -5*c + 2486. List the prime factors of c.
2, 31
Suppose 6*h = 1391 + 49. What are the prime factors of h?
2, 3, 5
Suppose -4*q + 149 = 5*o, -31 = -3*o - q + 64. Let m = -333 - -408. Suppose o = -j + m. List the prime factors of j.
2, 3, 7
Suppose h + 3*i - 905 = 0, -2*i - 1818 = -10*h + 8*h. List the prime factors of h.
2, 227
Let f(w) = 10*w**2 + 46*w - 63. What are the prime factors of f(-21)?
3, 7, 23
Let p(a) = -a**3 + 3*a**2 - a + 5. Let l be p(3). Suppose f = l*y + 149, 3*y = -4*f - 0*f + 629. What are the prime factors of f?
5, 31
Let j = -106 + 109. Let s(w) = 23*w**2 + 3*w. List the prime factors of s(j).
2, 3
Let n = 8 - 5. Let m(j) = j**3 - 2*j - 1 + 2*j**3 + j**n + 4. List the prime factors of m(2).
31
Suppose 0 = -5*f - u + 440, 4*u = -26*f + 21*f + 440. List the prime factors of f.
2, 11
Let i(x) = -7*x**2 - 21*x - 15*x + 6*x**2 - 40 + 0*x**2. List the prime factors of i(-27).
7, 29
Let u be (4 + -3)*(3 - 0). Suppose -149 = 2*y - u*y. What are the prime factors of y?
149
Let d = 26 + -26. Let p(i) = 56*i**2 + i**3 - 56*i**2 + 77 + i. List the prime factors of p(d).
7, 11
Suppose -38 = -o - 502. Let h be 2/(-7) - o/7. Suppose -72 = -2*n - 2*g, 4*g - h = -2*n - 2. What are the prime factors of n?
2, 5
Let n(o) = 2*o**2 + o - 15. Let j be n(11). Suppose 0 = 5*r - 247 - j. List the prime factors of r.
97
Suppose -3*s = -5*j - 226, -5*s + 76 = 4*j - 276. Let f = s + -26. List the prime factors of f.
2, 23
Let q(i) = 2*i**2 - 8*i + 3. Let k be q(4). Suppose -k*w - 49 = -2*a + 287, -5*w = -a + 168. List the prime factors of a.
2, 3, 7
Suppose 0 = -3*l + 2*l - 1040. Let h be ((-2)/4)/(5/l). Suppose 4*b = h - 16. What are the prime factors of b?
2, 11
Let b be 8 + -1*(-3 - -6) + 6. Suppose -l + 3*w + b = -68, -2*w - 316 = -4*l. List the prime factors of l.
79
Let r(u) be the second derivative of u**4/6 + u**3/2 + u. Let x be r(6). What are the prime factors of ((-4)/(-10))/(3/x)?
2, 3
Suppose 16928 = -4*b + 27*b. What are the prime factors of b?
2, 23
Suppose 6 = s - 11. Let d = s - -1. Suppose 3*j = -5*x + 116, d = 2*j - 3*x - 53. What are the prime factors of j?
37
Let y(i) = 20*i**2 - 56*i + 28. List the prime factors of y(14).
2, 7, 113
Suppose h + h + 21 = 5*g, -g - 5*h = 12. Let k = g + -1. List the prime factors of -9*((-10)/k - -3).
2, 3
Let n(d) = d**2 + 2*d - 9. Let u = -76 - -53. Let x = u - -30. List the prime factors of n(x).
2, 3
Let r = -718 - -1699. Suppose 3*w + i = -2*w + r, -2*i = -5*w + 978. What are the prime factors of w?
2, 7
Suppose 0 = 3*s - 3*g - g, g = 2*s. Suppose -4*a - 4*f + 28 = 0, -4*a + 22 = 3*f - 1. Suppose -5*n = s, 6*n - a*n + 6 = z. List the prime factors of z.
2, 3
What are the prime factors of (-455 - (-9 - -7))*20/(-12)?
5, 151
Suppose 0 = 2*j - 3*o + 25, 2*o + 10 = -6*j + 4*j. Let u = j + 32. What are the prime factors of u?
2, 3
Let w(o) = -32*o**2 - o + 2. Let l(p) = p**2 + 10*p - 13. Let k be l(-11). Let n be w(k). What are the prime factors of n/(-6)*(-18)/(-12)?
31
Let c(a) = 12*a + 8. Let h(q) = -13*q - 7. Let g(x) = 3*c(x) + 4*h(x). List the prime factors of g(-3).
2, 11
Suppose -3*j + 0*j + i + 4363 = 0, 0 = 5*j + 2*i - 7257. What are the prime factors of j?
1453
Let l be 2/(-3) + 88/24. Let n(x) = -5*x - 2 + 0 - 3 - l. What are the prime factors of n(-8)?
2
Suppose 5*d = -4*k + d, d = 2*k - 15. Suppose 0 = 5*v - k*z + 2 + 13, 19 = -3*v - 2*z. Let m = 23 + v. What are the prime factors of m?
2, 3
What are the prime factors of 0 + 1/(-7) - 6235/(-35)?
2, 89
Suppose 1041 = 4*d - 171. What are the prime factors of d?
3, 101
Let t be 12/(-18)*(-6)/4. Let h be ((-4)/(-12))/(t/6). Let d(k) = 3*k**3 + k**2 - 2*k + 2. What are the prime factors of d(h)?
2, 13
Let v = -29 + 33. Suppose -v*a = a + 795. What are the prime factors of a/(-5) - (-10)/50?
2
Let c = 18 + -12. Let q be c + (-3)/6*4. Let b = q + 4. List the prime factors of b.
2
Let u(i) = -5*i**2 + i - 1. Let n be u(-2). Let y(a) = -6*a - 42. List the prime factors of y(n).
2, 3
Suppose 0 = -2*o - 6, -4*d + 0*o + 5*o + 331 = 0. Suppose 71 + d = 2*z. Suppose -4*b = -b - z. What are the prime factors of b?
5
Let d = 1690 - -24. What are the prime factors of d?
2, 857
Let g(x) = 632*x**3 + 20*x**2 - 20*x. List the prime factors of g(1).
2, 79
Suppose 4711 + 6398 = 7*c. What are the prime factors of c?
3, 23
Suppose -9*w + 15 - 6 = 0. Suppose 0 = 5*k + a - 0*a - 1051, -a = -w. What are the prime factors of k?
2, 3, 5, 7
Let g be (-273)/12 + 2/(-8). Let q = g - -21. What are the prime factors of 43*1/(-2)*q?
43
Suppose 5 = r, -4*g + 2*r = -38 + 4. Suppose -4*c - 63 = -g. Let x = 0 - c. List the prime factors of x.
13
Let i(o) = -o - 15. Let w be i(-13). Let g be 5 - 3 - (w - 58). Suppose 0 = -2*l + l + g. List the prime factors of l.
2, 31
Let m be (-18 - -17)/(2/(-92)). Let i = 100 - m. List the prime factors of i.
2, 3
Let z be 18/27*6*1. Suppose 0 = z*v - 131 + 51. List the prime factors of v.
2, 5
Let y(g) = 0*g - 20 + 2*g + g - 2*g. Let l be y(6). What are the prime factors of 404/14 + (-2)/l?
29
Let u(b) = -4*b - 5. Let f be u(-6). Suppose -f*g = -21*g + 266. What are the prime factors of g?
7, 19
Suppose 39*j - 100375 + 31189 = 0. What are the prime factors of j?
2, 887
Let i(k) = -k**2 - 14*k - 10. Let z be i(-9). Let q(u) = -9*u - 3. Let w be q(1). Let f = z + w. List the prime factors of f.
23
Let k = -13 + 32. Suppose 2*u - 3*s + k = 0, 3*s - s = 3*u + 36. Let v = 68 + u. What are the prime factors of v?
2, 3
List the prime factors of 5 + (-2)/(6/(-105)).
2, 5
Let c = -1 + 11. Suppose -c*o + 18 = -8*o. What are the prime factors of o?
3
Suppose 0 = -h + 2*h - q - 1, -2*h - 10 = -5*q. Let j(c) = 7*c**2 - 7*c + 8. What are the prime factors of j(h)?
2, 37
Suppose 0 = v - 63 + 84. Let p = v - -34. List the prime factors of p.
13
Suppose -2*j - 169 + 459 = 0. What are the prime factors of j?
5, 29
Suppose -4*b + 0*b - 4*s - 136 = 0, 0 = -4*b - 3*s - 132. What are the prime factors of 20/(-6)*468/b?
2, 13
Let i = -24 + 29. Suppose i*x = 0, -3*r + 2*x + 75 = -x. List the prime factors of 4/(-2 + 55/r).
2, 5
Let v(o) = 2*o + 4. Let t be 1/(-3*(-1)/21). Let n be v(t). List the prime factors of n - (-2 + 2) - -1.
19
Let x(d) = -d**3 + 6*d**2 - 4*d - 3. Let q be x(5). Suppose q*v + 18 + 8 = 0. Let a = 32 - v. List the prime factors of a.
3, 5
Let j(k) = k**2 - 3*k + 4. Let r be j(2). Suppose 3*g = -r*x + 127, -5*x = 4*g - 5 - 323. What are the prime factors of x?
2, 17
Let g(d) = 5*d**2 + 7*d - 4. List the prime factors of g(-9).
2, 13
Let j = -2 + -1. Let l(y) = -y + 1. Let r be l(j). Suppose h + 3*w - 20 = 0, 0 = -r*h + w - 0 + 41. List the prime factors of h.
11
Let s(p) = p**2 - 29*p + 188. Let x be s(7). Suppose 3*y + 23 = 2*y. Let q = x - y. What are 